 of d and 99?
11
Let x(u) = -u**2 - u. Let h(a) = 3*a**2 + a + 32. Let p(w) = h(w) + 2*x(w). Let l be p(0). What is the highest common divisor of 48 and l?
16
Let n = -67 + -46. Let k = -47 - n. Suppose 4*b + 2*y = k, -12 = -2*b + 2*y + 30. What is the highest common divisor of 6 and b?
6
Let l be (-6)/(-30) + 5295/25. Calculate the highest common divisor of 8 and l.
4
Let s(o) = o - 2. Let r be s(4). Let p(q) = 4*q + 42. Let u be p(-10). Calculate the greatest common divisor of u and r.
2
Let a = 137 - 133. What is the highest common divisor of a and 50?
2
Let n(j) = -22*j + 5. Let c be n(-1). What is the greatest common divisor of c and 45?
9
Let y(k) = k**3 - 16*k**2 + 15*k + 52. Let l be y(15). What is the highest common factor of l and 156?
52
Let o = 1256 + -1180. What is the highest common factor of o and 19?
19
Let p(c) = c**3 - 16*c**2 + 47*c + 35. Let b be p(12). Calculate the greatest common divisor of b and 552.
23
Let z = 1676 - 1125. Calculate the highest common divisor of 29 and z.
29
Suppose 0 = 48*p - 594 - 846. What is the highest common divisor of 170 and p?
10
Let d(o) = -63*o - 409. Let z be d(-7). What is the greatest common divisor of 1696 and z?
32
Let y be (-1425)/(-40) + (-6)/(-16). What is the highest common divisor of y and 18?
18
Suppose 2*u + 3*u = 435. Calculate the greatest common factor of u and 58.
29
Let d = -72 - -78. Calculate the greatest common factor of d and 3.
3
Let y(a) = -a**2 - 11*a - 9. Let r be y(-7). Let p(d) = d**3 - d**2 + 314. Let k be p(0). Suppose 3*s = k + 85. Calculate the greatest common factor of r and s.
19
Let c = -1482 + 1538. Calculate the highest common factor of c and 133.
7
Let x(r) = 59*r - 3. Let o be (-27)/(-15) - 2/(-10). Let n be x(o). What is the highest common divisor of 23 and n?
23
Let q be 22/(-1)*(-102)/68. What is the greatest common divisor of 66 and q?
33
Let q(m) = -m + 12. Let l be q(0). Let k(g) = g**3 - 23*g**2 + 87*g + 60. Let c be k(18). Calculate the greatest common factor of c and l.
6
Suppose 4*n - 957 = s + 2636, -3*n + 2688 = -3*s. Calculate the highest common factor of n and 29.
29
Suppose -v - 204 = -2*v. Let n = 5 - 118. Let b = n + v. Calculate the greatest common factor of 13 and b.
13
Let q = -10 + 38. Suppose -g - 3*y + 58 = 0, 4*g + y = -3*y + 264. What is the highest common factor of g and q?
14
Let g = 7 + -7. Suppose 0*z + 2*z - 4 = g. Let r be (20 + z)*(-44)/(-8). What is the highest common factor of 11 and r?
11
Let y(f) = -2*f + 50. Let a be y(1). What is the greatest common divisor of a and 800?
16
Let q be ((-1040)/28)/((-16)/168). Calculate the greatest common divisor of 60 and q.
30
Let r be 0 + 0/(-2) - 15. Let b = 156 + -135. Let y = r + b. What is the highest common divisor of y and 4?
2
Suppose -3*j + 10 = 2*j. Suppose 2*d - j*r - 70 = 0, 4*r + 8 - 68 = -d. Suppose 0 = -2*p - 10 + d. What is the highest common factor of 15 and p?
15
Let o(k) = k**3 - 4*k**2 - 3*k + 1. Let u(r) = 7*r**2 - r - 1. Let q be u(1). Let v be o(q). What is the greatest common divisor of v and 11?
11
Let f(k) = -30*k + 1. Let z be 0 - (-5 - (-3 + 0)). Let w be f(z). Let r = -31 - w. Calculate the highest common factor of r and 112.
28
Suppose -2*t + 150 = t. Suppose 2*l + 5*o + 309 = 72, 4*l = 5*o - 459. Let d be 2/3 - l/6. What is the greatest common divisor of d and t?
10
Let o be ((-144)/27)/(404/408 - 1). What is the highest common factor of 17 and o?
17
Let y(b) be the first derivative of -b**4/4 - 3*b**3 - 2*b**2 + 13*b - 2. Let x = -116 + 107. Let p be y(x). Calculate the highest common factor of 7 and p.
7
Suppose 4*s - 24 = -0. Suppose 3*g + 10*g = 78. What is the greatest common divisor of g and s?
6
Suppose -2*h + 18 = -h. Let w(y) = 6*y + 71. Let z be w(0). Suppose z - 17 = r. Calculate the highest common divisor of h and r.
18
Let t be 2 + 3 - (-1 - -2). Suppose -t*b - 8 = -24. Let i be (-2)/(-2) + 19*b. Calculate the greatest common divisor of 11 and i.
11
Let b = 2513 + -2501. Calculate the highest common divisor of 3252 and b.
12
Suppose 2*z - 3*r = -44, -z + 0*r = 5*r + 35. Let s = 48 + z. What is the highest common factor of 92 and s?
23
Suppose 0 = -0*w + 19*w - 24206. Calculate the greatest common factor of 14 and w.
14
Let l = 93 + -55. Suppose 0*d = -3*d + 171. What is the highest common factor of l and d?
19
Suppose 17*d + 108 = 805. What is the highest common factor of d and 328?
41
Let x be 77 - ((2 - -2) + -1). Suppose 3*z - 858 = -0*z. Suppose 289 = 5*i - 3*o - x, 4*i - z = -2*o. Calculate the greatest common divisor of i and 12.
12
Let u be (-59576)/(-572) - (-4)/(-26). What is the highest common factor of 52 and u?
52
Suppose 3*s - 9 = 0, 5*q - 3*s + 1 - 1367 = 0. Calculate the highest common factor of q and 220.
55
Let z(w) = 6*w + 2*w**3 + 13 - w - 12*w**2 + 6*w - w**3. Let c be z(11). Suppose -260 = -g - 3*g + 3*t, 0 = 5*t. What is the greatest common divisor of g and c?
13
Suppose -71 = -4*w - t, -8*t = -3*w - 7*t + 62. Calculate the highest common factor of w and 893.
19
Let m(v) = 5*v**2 + 26*v. Let i be m(-8). What is the highest common divisor of i and 32?
16
Let v be (-41)/(-451) - 2419/(-11). Calculate the greatest common divisor of 176 and v.
44
Let y(h) = 15*h**2 - 2*h + 2. Let o be y(-3). Calculate the highest common divisor of 39 and o.
13
Let j be (-5 + -6)/(0 - (-3)/(-39)). Calculate the greatest common divisor of j and 52.
13
Suppose -4*o - 5*x + 83 = 0, -5*x - 56 = -5*o + 104. What is the highest common factor of o and 1647?
27
Let z be (32 - 4) + (0 - 0). Calculate the greatest common divisor of 182 and z.
14
Suppose -2*m + 0*m + 2244 = 0. What is the highest common divisor of m and 66?
66
Suppose u - 5*m = 33, 5*u - 188 = 3*m - m. Suppose 0*v = -2*v + u. What is the highest common divisor of 133 and v?
19
Let z(w) = -w**3 + w**2 + 3*w. Let m be z(-5). Suppose -8 = -2*n + 12. Suppose 6*s + 60 = n*s. What is the highest common divisor of s and m?
15
Suppose -5*v + 23 - 13 = 0. Let t(h) = 3 + 5*h**v - h**2 - 2 - h**2. Let r be t(-3). What is the greatest common factor of r and 14?
14
Let f(y) = -y - 3. Let d be f(-5). Suppose -1 = d*z - 3. Calculate the greatest common divisor of z and 8.
1
Let h be -1 + 164/4*-1. Let p = -23 - h. Calculate the highest common divisor of 152 and p.
19
Let g(z) = 3*z - 15. Let b be g(7). Let n be (-1199)/(-66) + (-1)/b. What is the highest common divisor of 18 and n?
18
Let v be (-2 - -12) + (0 - 3 - -3). Calculate the greatest common factor of 650 and v.
10
Let u(y) = 8*y - 14. Let f be u(9). Let l = 72 - f. What is the highest common factor of 56 and l?
14
Suppose 311 = 34*o - 4585. What is the greatest common factor of 64 and o?
16
Let j(s) = -s**3 + s**2 - 2*s + 2. Let u be j(0). Calculate the highest common factor of u and 2.
2
Let c(f) = f**3 + 11*f**2 + 11*f + 24. Let u be c(-10). Calculate the greatest common divisor of 56 and u.
14
Let z be (-2)/13 + (-2 - 268/(-52)). Suppose n - 14 = 2*y - z, n = 5*y + 20. Calculate the greatest common factor of 55 and n.
5
Let m(o) = -2*o - 2*o + 11*o**3 - 10*o**3 - o**2. Suppose 5*x - 15 + 0 = 0. Let l be m(x). Calculate the highest common divisor of 24 and l.
6
Let s be ((-3690)/405)/((-3)/27). Suppose 4*z + 22 = 6, -2*l + 5*z = -102. Calculate the highest common factor of s and l.
41
Let v be (-100)/(-36) - 3 - (-292)/18. Let d be (-2)/7 + 678/21. What is the highest common factor of d and v?
16
Let d be 1/(-3) - 2/3. Let j(p) = 51*p**2 + 2*p + 2. Let n be j(d). What is the highest common factor of n and 68?
17
Suppose 29 = z + g, 3*z + 2*g - 89 = -7. What is the greatest common divisor of z and 312?
24
Suppose 4*z = -a + 136, 4*z - 170 = -z - 4*a. Calculate the greatest common factor of 238 and z.
34
Let u(g) = 3*g - 2*g - 10*g + 3*g. Let p be u(-5). Suppose 150 = 3*n - 660. Calculate the highest common factor of n and p.
30
Let z be (-180)/4*1*-1. Let m = 1 - 3. Let r be 3222/z - m/5. Calculate the highest common divisor of 24 and r.
24
Let m be 5*6/10 - 232/(-2). What is the highest common divisor of 238 and m?
119
Let n(z) = 33*z - 20. Let g be n(4). Calculate the greatest common factor of 16 and g.
16
Suppose -2*m = 3*u + 15 - 2, -3*m - 2*u = 32. Let p(g) = -g - 16. Let q be p(m). Let y be q*(-8 + 0/4). Calculate the greatest 